s g a composite number?
True
Is ((-18)/4)/(-9) + (-187103)/56*-20 a prime number?
False
Suppose 3*x - 2*i = 12, 3*x - 13 = -2*i - 1. Suppose x*g - 2*k = 3*g + 4603, 0 = 3*g + 5*k - 13842. Is g prime?
False
Suppose -13787790 = -5067*w + 5037*w. Is w a composite number?
False
Suppose -95*l + 21434906 - 9330591 = -11478200. Is l prime?
False
Let w(n) = n**3 - 16*n**2 - n + 21. Let z be w(16). Suppose -2*r = -2*d - 2772, z*r - 1295 = -2*d + 5614. Let p = -530 + r. Is p a composite number?
False
Let p(a) be the second derivative of 3*a**5/5 - a**3/2 - 5*a**2/2 - 31*a. Let w(c) = -c**3 - 15*c**2 - 13*c + 18. Let m be w(-14). Is p(m) prime?
True
Let z be (-8)/(-3)*5805/20. Let h = z + 133. Is h composite?
False
Suppose -1784 = 56*w - 57392. Suppose w = 11*a - 8*a. Is a a prime number?
True
Let t be 6*5/60*0. Suppose t = -2*l + 674 + 15452. Is l a composite number?
True
Suppose 13*y - 493 = 1041. Is y/767 + 31419/13 a prime number?
True
Is (((-84070195)/726)/(5/(-4)))/(4/6) prime?
True
Let c(a) = -a**3 - 33*a**2 - 6*a + 833. Let g be c(-32). Let d = 1 - 1. Is 250 + (1 - d)*g prime?
True
Let r(k) be the first derivative of -9*k**2 - 11*k + 31. Let o be r(-1). Suppose 0 = 3*u - o*u + 3212. Is u a composite number?
True
Suppose 503 = 4*s - 3*s + 3*m, -3*s + 2*m + 1498 = 0. Suppose -2*p - 2130 = -s. Let x = 1446 + p. Is x a composite number?
False
Is (-156)/(-1638) + 2934391/21 a composite number?
True
Let h(i) = 20 + 4*i + 14*i**2 + 5*i**3 - 4*i**3 - 9*i. Let b be h(10). Let f = b - 713. Is f a prime number?
True
Suppose 3*c + 13 = -17. Let m(l) = -3*l - 37. Let q be m(c). Let h(o) = -132*o - 13. Is h(q) a composite number?
False
Let r be -3*2*(-4)/24*3. Suppose -4*n + 0*f = r*f - 33, -17 = -2*n - f. Is (-2)/n + -13846*5/(-90) a composite number?
False
Let x(m) = 20*m - 276. Let b be x(14). Suppose -2*h = -b*v + 55182, 8*v - 3*h + 55157 = 12*v. Is v a prime number?
False
Suppose 41*r = 27*r + 42. Suppose 0 = -2*c - 2*c + r*y + 2543, 3*y = 3*c - 1908. Is c composite?
True
Suppose 8*m - 40 = -0*m. Suppose m*s - s - 460 = 0. Is s a prime number?
False
Suppose a + 4*z - 10 = 0, -3*z - 4 = -4*a - 2. Suppose 3*r + 6*s = a*s - 1, -3 = -5*r - 2*s. Is r*(-2084)/(-12)*3 a composite number?
False
Suppose 43*r - 24 = 37*r. Suppose 2*t = -2*c + 4*c - 2722, -2*t = r*c - 5444. Is c a prime number?
True
Let i(s) = -s**3 + 4*s**2 - 4*s + 2. Let b be i(2). Suppose 5*a + 17*q = 15*q + 61867, 49494 = 4*a + b*q. Is a prime?
True
Let z = 70393 + 15156. Is z composite?
False
Let b = 48392 + -24111. Is b a composite number?
False
Suppose -4*n + 5 + 3 = 0. Suppose -59740 = n*u - 7*u. Suppose 0 = 4*l + 12, 3*b - l = -2*b + u. Is b a composite number?
False
Is -1 + 13/9 + (-8011696861)/(-15813) composite?
True
Suppose 23*x + 76560006 = 74*x + 63*x. Is x prime?
False
Suppose -7*w = -9*w - 10. Is -1*w/3*1137 a prime number?
False
Suppose 6 = 4*p + 18, 0 = 4*q + p - 22697. Suppose -20*m + 23625 = -q. Is m composite?
True
Let g = 251 + -247. Suppose 0 = g*h - 3*s - 3041, -2*h + 6*s = 5*s - 1519. Is h a prime number?
False
Suppose 2*p - 5615 = 1191. Suppose 18*y + 13 = 49. Suppose y*b = p + 291. Is b composite?
False
Let s be -4 + (8 - 6/(-3)). Suppose s*a - 21833 = -a. Is a composite?
False
Let y be -3*(-1)/(-3) - -3. Suppose -5 = 5*z + 5, y*k - 3018 = -4*z. Is k a prime number?
False
Let d = -14 + 18. Let c be d/(-7) + (-15006)/(-21). Let p = 2503 + c. Is p a prime number?
True
Let j(g) be the first derivative of 11*g - 3 + 5/3*g**3 - 2*g**2. Is j(18) a prime number?
True
Suppose 2*x + m - 4 = 3*m, 0 = 3*x + 3*m + 6. Suppose -3*s + 9 = x, -10 = -2*h - 4*s + 12. Suppose -h*f = 5*u - 2790, f + 4*f = 25. Is u a composite number?
True
Is ((-24)/16)/(174777/(-21846) - -8) a composite number?
True
Let p be 2 - (51 - (1 - 4)). Let x = p + 70. Suppose -11216 = 10*t - x*t. Is t composite?
True
Suppose 6*j + 16 = 4. Let o be (j/1)/((-2)/(-259)). Let l = o + 492. Is l composite?
False
Let k(w) = 8067*w - 940. Is k(9) a prime number?
True
Is 13/(-715)*-20 - (-6777891)/33 prime?
True
Let i = -32 + 47. Suppose -13*v = -i*v + 15842. Is v prime?
False
Let m be (-34274)/(-1) + (-4)/((-12)/9). Suppose -9*q + m + 50017 = 0. Suppose -6*c + q = -0*c. Is c a prime number?
False
Suppose 53*y = 50*y + 18. Let s(u) = u. Let p(f) = 363*f - 1. Let d(w) = p(w) - 4*s(w). Is d(y) a prime number?
True
Let l(v) = 5*v + 42 - 34 - 3*v. Let h be l(-2). Suppose -h*j + 3*n = -5516, -2010 - 3506 = -4*j - 3*n. Is j prime?
False
Suppose -62*n - 1522192 = -x - 67*n, 5*x - 7611060 = -5*n. Is x a composite number?
True
Is ((-695)/3)/(114/(-1368)) - 3*1 a composite number?
False
Let h(s) = -2157*s - 49. Let y be h(9). Is 5 - (-141)/(-27) - y/18 a composite number?
True
Let n(b) = -14662*b - 9231. Is n(-16) prime?
False
Let h(d) = 5*d**3 - 56*d**2 - 251*d - 47. Is h(29) a composite number?
False
Suppose -4*a - 4*v + 1132340 = -2363520, -4*a + 2*v + 3495824 = 0. Is a a composite number?
False
Let p be (-97)/4 - 47/(-188). Let n(b) be the third derivative of b**6/120 + 13*b**5/30 + 35*b**4/24 - b**3/6 + 2*b**2. Is n(p) a prime number?
True
Suppose 5*q = -15, -5*d - 9*q + 106241 = -11*q. Is d prime?
True
Let d(a) = 20*a**2 - 13*a + 8. Let r(h) = -h**2 + 3*h - 1. Let p(b) = d(b) + 2*r(b). Suppose -f - 3 - 2 = 0. Is p(f) composite?
False
Let u(n) = -3533*n**3 - 5*n**2 + 153*n + 764. Is u(-5) composite?
False
Suppose 15 = 3*f, -8*r + 6*r = -5*f - 21773. Is (2/6*-5)/((-21)/r) prime?
False
Let t = -46 + 63. Let p(h) = h**2 + 33*h + 19. Let u be p(t). Suppose -3*y - 12 = 0, -y + u = 3*f - 3*y. Is f a composite number?
True
Suppose -2*j - 10655 = -u, 3*u - 15588 = 5*j + 16375. Is u composite?
False
Is (4 - 6)/(-32) + 2058511/16 a composite number?
False
Suppose 49*o - 25*o = 45384. Let r = 7522 + o. Is r composite?
False
Let u(q) = q**3 + 22*q**2 + 40*q + 2. Let v be u(-20). Suppose 11511 = 2*m + b, 2*m - 15224 = -v*b - 3712. Is m composite?
True
Let u = -221 - -466. Let n = 204 + u. Is n composite?
False
Let k = 1811 - 852. Let n = -214 + k. Is n a composite number?
True
Let q(j) = 29707*j**3 - j**2 + 10*j + 1. Is q(2) a composite number?
False
Suppose 5*u - 324709 = 4*a, 38*u = 40*u + a - 129881. Is u a prime number?
False
Suppose -40098 = -z + 3*a, -z + 35788 = 2*a - 4315. Is z composite?
True
Suppose 1808 = 4*i - g - 4478, -5*i + 7870 = 5*g. Suppose 0*l - 3*l = 3, l + 1 = 5*j. Suppose 0 = -m - 2, -5*d + 5*m + 8953 + i = j. Is d composite?
True
Let d(r) = -153*r - 2896. Is d(-41) a prime number?
False
Suppose 26*q - 31*q + s + 699456 = 0, q + 4*s = 139887. Is q a composite number?
False
Let z = -58 - -61. Let u(d) = 1 - 92*d**3 - 3 + 90*d**z - 9*d**2 - 8*d. Is u(-7) composite?
True
Is 128708*(70/385 - (-3)/44) a composite number?
True
Suppose 8*g + 6692123 = 27*g - 0*g. Is g a prime number?
True
Let u be (9/4*-1)/((-6)/(-32)). Let s = 2789 + u. Is s composite?
False
Let b(m) be the second derivative of 95*m**4/3 - m**3/2 + 2*m**2 + 50*m. Is b(3) a prime number?
False
Let b(g) = 422*g**2 - 38*g - 302. Is b(-6) a composite number?
True
Suppose -5*u - 24 = -4*g - 10*u, -12 = -3*u. Let t be (g - 2)/(6174/(-6172) - -1). Is t*4/40*5 prime?
True
Let r(h) = 7035*h + 3323. Is r(40) a composite number?
False
Let l(u) = 25*u**2 + 4*u + 130. Let t(x) = 50*x**2 + 8*x + 259. Let k(n) = 5*l(n) - 2*t(n). Is k(19) a composite number?
True
Let p(s) = -2*s**2 - 67*s - 28. Let h be p(-33). Is 35031/(-12)*(h/(-5) + -3) composite?
False
Let p = 275 + -274. Is 4878/18*19/p - 2 a prime number?
True
Suppose 22*t - 51 = 25*t. Is -1*1082/5*85/t a composite number?
True
Suppose 20*d + 31*d - 142154 - 672673 = 0. Is d composite?
True
Is 11/22 - (-8698662)/12 prime?
False
Suppose -z - 4 - 1 = 0, 5*a = -2*z + 2130. Suppose o + 757 = 4*b - a, o - 295 = -b. Let x = b + -155. Is x prime?
False
Suppose -1599572 = 48*o + 893020. Let c = o - -73576. Is c prime?
True
Let g(f) = -f**3 + 34*f**2 + 12*f + 71. Suppose 34 = 3*m - 62. Is g(m) a prime number?
True
Is (6 - 399/63)*-3321471 a prime number?
True
Let y = 250667 + -131382. Is y composite?
True
Let n = 853816 + -490709. Is n prime?
False
Suppose k = 106 - 99. Suppose -k*y + 28 = -0*y. Suppose 2*r + 2062 + 329 = 5*n, y*n = r + 1914. Is n composite?
False
Let w(y) be the second derivative of 79*y**3/6 + 155*y**2/2 